lse
Is 17062411 a composite number?
True
Is 1429637 a composite number?
True
Is 1913662 a prime number?
False
Is 7444559 prime?
True
Is 5439287 prime?
False
Is 661217 composite?
False
Is 566933 a composite number?
True
Is 18961009 a prime number?
True
Is 99486749 a composite number?
False
Is 582239 composite?
True
Is 353851 a composite number?
True
Is 2670923 a composite number?
False
Is 408199353 prime?
False
Is 2793711 composite?
True
Is 78314723 prime?
True
Is 29059879 a prime number?
False
Is 9697855 a composite number?
True
Is 638459419 a prime number?
False
Is 440117 composite?
True
Is 802121 a composite number?
False
Is 729903 a composite number?
True
Is 2968367 a prime number?
True
Is 1118479 composite?
False
Is 1341451 a composite number?
True
Is 1651723 composite?
False
Is 10490701 composite?
True
Is 13560517 composite?
False
Is 46292963 composite?
False
Is 35751095 prime?
False
Is 100976449 composite?
True
Is 5850601 composite?
True
Is 2663897 composite?
False
Is 282428723 prime?
False
Is 180184129 prime?
True
Is 748567 a composite number?
False
Is 7464179 a prime number?
True
Is 589349 a prime number?
True
Is 622943 composite?
False
Is 32660027 a prime number?
False
Is 4468961 composite?
True
Is 49463503 prime?
True
Is 50746139 composite?
True
Is 4923721 a composite number?
True
Is 56537777 a prime number?
True
Is 218387473 a composite number?
False
Is 8126942 a prime number?
False
Is 3947539 composite?
True
Is 1065601 a composite number?
False
Is 43386347 a composite number?
False
Is 19920973 a composite number?
False
Is 256535 composite?
True
Is 29473 a composite number?
False
Is 18716671 composite?
False
Is 25924849 prime?
True
Is 29072341 prime?
True
Is 88123037 a prime number?
True
Is 67309507 a composite number?
False
Is 185829541 a prime number?
True
Is 110205143 composite?
False
Is 1998019 composite?
False
Is 11060839 a prime number?
False
Is 424152767 a prime number?
True
Is 142751033 composite?
False
Is 64337111 a composite number?
True
Is 56753629 a prime number?
True
Is 3240947 a composite number?
False
Is 398453411 a composite number?
False
Is 152251 a prime number?
False
Is 2764711 a prime number?
True
Is 16904999 a composite number?
True
Is 13125083 a composite number?
False
Is 1824139 a composite number?
False
Is 105475211 composite?
False
Is 17352961 a prime number?
True
Is 42306247 a prime number?
True
Is 5247569 a composite number?
True
Is 18970709 a composite number?
False
Is 22869689 a composite number?
False
Is 251567 composite?
False
Is 88016963 prime?
True
Is 35630909 composite?
True
Is 2918831 prime?
False
Is 538910011 prime?
False
Is 21836323 a prime number?
True
Is 477446 prime?
False
Is 578971 composite?
False
Is 330899 prime?
True
Is 57125261 prime?
False
Is 1517904193 a composite number?
True
Is 13933207 a composite number?
False
Is 12528079 prime?
False
Is 19884331 composite?
True
Is 404783789 composite?
False
Is 17034757 composite?
True
Is 143917 a composite number?
True
Is 17945237 a prime number?
True
Is 36779759 a prime number?
True
Is 4772623 a prime number?
True
Is 45114001 a prime number?
True
Is 5431241 composite?
False
Is 928049 a composite number?
True
Is 28419107 composite?
True
Is 67308701 a composite number?
True
Is 144093097 a composite number?
False
Is 93127 a composite number?
True
Is 123118 composite?
True
Is 14769847 a prime number?
True
Is 14169289 a prime number?
True
Is 214440881 prime?
False
Is 8130829 prime?
False
Is 53615743 prime?
True
Is 15863447 a prime number?
True
Is 1337749151 prime?
True
Is 9144881 a prime number?
True
Is 74485 composite?
True
Is 36739537 a composite number?
False
Is 161438507 a composite number?
False
Is 283243 prime?
False
Is 1047205 a prime number?
False
Is 25205863 prime?
False
Is 64307779 a composite number?
True
Is 13900967 a composite number?
True
Is 5988841 prime?
False
Is 3568223 prime?
False
Is 4447739 a prime number?
True
Is 4483837 prime?
True
Is 4079117 prime?
False
Is 4985459 prime?
False
Is 19197821 a prime number?
False
Is 109947561 a prime number?
False
Is 2098474667 prime?
False
Is 43261747 a composite number?
False
Is 11631 prime?
False
Is 69075217 a composite number?
False
Is 41385691 composite?
False
Is 57149 prime?
True
Is 45915131 composite?
True
Is 16746137 composite?
True
Is 1399421 a prime number?
False
Is 906461 a composite number?
False
Is 39605399 a prime number?
True
Is 445897 a prime number?
False
Is 259257287 composite?
False
Is 12080459 a prime number?
True
Is 147491777 a composite number?
True
Is 15909877 a composite number?
False
Is 167657891 a prime number?
False
Is 8760209 a composite number?
False
Is 178121 a prime number?
False
Is 3343163 prime?
False
Is 82558757 composite?
False
Is 46015799 a composite number?
False
Is 462959 a prime number?
False
Is 4100717 a prime number?
False
Is 1786453 prime?
False
Is 21347647 prime?
False
Is 6902585 composite?
True
Is 422177557 prime?
True
Is 2960861 a composite number?
False
Is 27474677 prime?
True
Is 571545941 prime?
True
Is 4866073 a prime number?
True
Is 2128144993 composite?
True
Is 22770451 a prime number?
False
Is 19706659 composite?
True
Is 13381733 a prime number?
False
Is 6658233 prime?
False
Is 2100653 composite?
True
Is 32209777 a composite number?
True
Is 2204249 composite?
True
Is 689341 prime?
True
Is 20012341 composite?
False
Is 11951194 composite?
True
Is 26185123 prime?
True
Is 522127 prime?
True
Is 49088855 prime?
False
Is 27595423 a composite number?
True
Is 2443351 a prime number?
True
Is 269353673 a composite number?
True
Is 21005539 a prime number?
True
Is 98567191 a composite number?
True
Is 176629 prime?
True
Is 207003047 a composite number?
True
Is 1728521 a prime number?
False
Is 21313177 prime?
False
Is 98835257 composite?
False
Is 124259 a composite number?
True
Is 6801163 prime?
False
Is 2660509 a composite number?
False
Is 27131317 a prime number?
False
Is 1143457 prime?
False
Is 71955179 a prime number?
True
Is 738266423 composite?
True
Is 3846929 a composite number?
False
Is 80864453 a prime number?
True
Is 9779906 a composite number?
True
Is 8318867 prime?
True
Is 331419059 prime?
True
Is 59726897 a prime number?
True
Is 450929 prime?
True
Is 175281749 prime?
True
Is 8625997 a composite number?
False
Is 17414027 prime?
False
Is 210553558 a prime number?
False
Is 1675991 a composite number?
False
Is 439158777 a prime number?
False
Is 208189 composite?
False
Is 2190127 composite?
True
Is 23006369 a prime number?
True
Is 18142457 a prime number?
False
Is 21788363 composite?
False
Is 424390013 composite?
True
Is 201106067 a prime number?
True
Is 9318209 composite?
False
Is 82016033 a composite number?
True
Is 428697083 a prime number?
False
Is 11978101 composite?
True
Is 231897167 a composite number?
True
Is 373969 a composite number?
False
Is 12271139 a prime number?
False
Is 1887499 a prime number?
True
Is 8152457 composite?
False
Is 7621981 a prime number?
True
Is 256079 a prime number?
True
Is 201013 prime?
False
Is 214541 prime?
True
Is 1761139 a prime number?
True
Is 10557773 prime?
True
Is 823349 a composite number?
False
Is 10453798 prime?
False
Is 37135669 prime?
False
Is 82644971 prime?
False
Is 1648789 prime?
True
Is 16559339 a composite number?
True
Is 8228921 prime?
False
Is 2715071 prime?
True
Is 7087913 a prime number?
False
Is 14382283 composite?
False
Is 101162779 composite?
False
Is 9267047 a prime number?
False
Is 69523673 a composite number?
False
Is 4374829 composite?
False
Is 2830963 a composite number?
False
Is 1925971 a prime number?
True
Is 12377353 a prime number?
False
Is 165308543 a prime number?
True
Is 52870381 a composite number?
False
Is 8518069 a prime number?
False
Is 53261701 prime?
True
Is 31092799 a composite number?
True
Is 26060777 prime?
False
Is 871147 composite?
False
Is 943741 prime?
True
Is 8805947 composite?
False
Is 1063427 a prime number?
True
Is 247031 prime?
True
Is 8154893 a prime number?
True
Is 1725767 composite?
False
Is 4595573 a composite number?
True
Is 880699 a composite number?
False
Is 19790977 a prime number?
False
Is 14394983 a composite number?
False
Is 105346919 prime?
False
Is 382228879 composite?
False
Is 24989029 prime?
False
Is 794146299 a prime number?
False
Is 28640894 comp